 the prime factors of n.
2, 11
Suppose -10*q = -27*q + 17136. List the prime factors of q.
2, 3, 7
Suppose 0 = -3*x + 32 + 13. Let p(n) = 4*n - 242 - 279 + 554 - 2*n. What are the prime factors of p(x)?
3, 7
Let o be 26/7 - 26/(-91). Suppose 926 = o*z + 2*b, -2*z = -0*z - 3*b - 443. What are the prime factors of z?
229
Suppose 4*s - 1179 = -10*n + 5*n, -3*n - s = -713. Suppose 0 = 3*l, n = -8*w + 9*w - 2*l. What are the prime factors of w?
239
Suppose -3*t + 60 = -2*t. What are the prime factors of 1018/12 + 10/t?
5, 17
Suppose -2*r + 11 = 4*z - z, -r = -4*z. Suppose 3*i - 270 = -r*f, 4*f + 4*i - 280 = -8. List the prime factors of f.
2, 3, 11
Suppose 4878 = 7*m - 1730. What are the prime factors of m?
2, 59
Let n(s) = s**3 + 9*s**2 + 7*s + 1. Let x be n(-8). Suppose -x - 3 = -3*a. Suppose 4*u - 64 = -4*m, 0*m = 2*m - a. What are the prime factors of u?
2, 7
Let o(q) be the third derivative of -2/3*q**3 - 7*q**2 + 0*q - 1/120*q**6 - 1/60*q**5 - 1/6*q**4 + 0. What are the prime factors of o(-3)?
2, 13
Let a = -4 - -16. Suppose 20 = a*p - 8*p. List the prime factors of p.
5
Let b(n) = -n**2 + 15*n + 5. Let k be b(15). Suppose k*d = 4*d + 4. Suppose -x = -d*t + 179, 4*x = 4*t - 0*x - 188. List the prime factors of t.
2, 11
Let m = 1490 + -819. List the prime factors of m.
11, 61
Let n(x) = -x**2 - 6*x - 5. Suppose 0 = -4*r - 20 - 0. Let u be n(r). Suppose -i + 93 = 2*i + v, 3*i + 4*v - 93 = u. List the prime factors of i.
31
Let x = -155 - -161. Suppose 17*i - x*i = 1353. List the prime factors of i.
3, 41
List the prime factors of (-55)/(9 - (-19)/(-2)).
2, 5, 11
Let k = -25 - -363. Suppose 3 = -4*p - 5, 4*g + 3*p = k. What are the prime factors of g?
2, 43
Suppose 8 - 4 = v. Let k = -651 - -654. Suppose -k = -v*g + 29. List the prime factors of g.
2
Let a = 0 + 250. List the prime factors of a.
2, 5
Let m be 2/6 + 66/(-9). Let h be 876/28 + 2/m. Let x = -19 + h. What are the prime factors of x?
2, 3
Suppose 6 = -q + 3*q. Suppose -5*b - j = -q*j - 11, 5*b - 3*j = 9. Suppose -b*z - z + 140 = 0. What are the prime factors of z?
5, 7
Let r(w) be the first derivative of -2*w**3/3 + 4*w**2 + 3*w + 7. Let m(l) be the first derivative of r(l). What are the prime factors of m(-10)?
2, 3
Let n(k) be the first derivative of -k**3/3 + 5*k**2/2 + 7*k - 4. Let y(p) = p**2 - 6*p - 8. Let r(m) = -5*n(m) - 4*y(m). List the prime factors of r(-3).
3
Let r(d) = d - 12. Let n be r(15). Let t(c) = 3 + 0 - 3 - 4*c - 3*c**n. What are the prime factors of t(-2)?
2
Let t = 35 + -36. Let b(m) = -79*m**3 - m**2 + 1. List the prime factors of b(t).
79
Suppose 0 = -5*g + 3*n + 4270, 0 = 4*g - 11*n + 10*n - 3409. What are the prime factors of g?
23, 37
Let d(o) = 2*o + 37. Let q = -52 - -52. What are the prime factors of d(q)?
37
What are the prime factors of (-136744)/(-40) + -1*(-6)/(-10)?
2, 1709
Let p(t) = t**3 - 12*t**2 + 10*t + 13. Let j be p(11). Suppose j*i = k - 1, -3*i - 1 = -4*k + 3*k. Suppose 2*m = -i*m + 42. What are the prime factors of m?
3, 7
Suppose 0 = -m + 4*o - 2 + 29, 2*m = -5*o + 15. Let z = 375 + -376. Let j = m + z. List the prime factors of j.
2, 7
Suppose -11*r = -16*r + 130. Suppose -r = v - 2*v. What are the prime factors of v?
2, 13
Let u = 865 + -51. List the prime factors of u.
2, 11, 37
Let v be (10/(-30))/((2/(-159))/(-2)). List the prime factors of 9/(-18) + (v/2)/(-1).
2, 13
Suppose 0 = -83*z - 40904 + 275960. List the prime factors of z.
2, 3, 59
Let j(g) = g**2 - g - 1. Let c = 2 - -1. Let i be j(c). Let o = 13 + i. What are the prime factors of o?
2, 3
Suppose 5*g - 2878 = -4*l, l - 1142 = -2*g + 4*l. What are the prime factors of g?
2, 7, 41
Let z = 52 - 49. Suppose z*p - 53 = 652. What are the prime factors of p?
5, 47
Suppose -2*o + w = 4*w + 107, -4*w - 204 = 4*o. List the prime factors of 2*o*2/(-16)*2.
23
Let o = -1151 + 2451. List the prime factors of o.
2, 5, 13
Let r(f) = -f**2 + 3*f + 5. Let y be r(5). Let o(z) = z**2 + 5*z. Let s be o(y). Suppose g + s*g = 6. List the prime factors of g.
2, 3
Let g = 15 + -11. Suppose 5*a - 5 = -g*z + 15, -3*a - 2*z + 10 = 0. Suppose 0 = -a*f - 5*f + 75. What are the prime factors of f?
3, 5
Suppose 169 - 176 = -z. Suppose 0 = -i - 3*n + 20, 4*i - 43 - 37 = n. Suppose -2*r - i = -z*r, -339 = -5*c - r. List the prime factors of c.
67
Let l(u) = 34*u**2 - 24*u - 4. What are the prime factors of l(10)?
2, 3, 263
Suppose 6*x = -0*x. List the prime factors of (-4)/10 + x + (-1806)/(-15).
2, 3, 5
Suppose w = 8*w. Let a = w + 10. What are the prime factors of a?
2, 5
Let a be 2/4*22/11. What are the prime factors of 54*a + 1 + 3?
2, 29
Suppose 65860 + 14975 = 15*i. What are the prime factors of i?
17, 317
Let j be ((-6)/9)/(2/201). Let b = 115 + j. List the prime factors of b.
2, 3
Let o = 175 - 161. What are the prime factors of o?
2, 7
Suppose -80 = 2*s - 172. List the prime factors of s.
2, 23
Let q = -26 + 29. What are the prime factors of q - -31 - 6/(-2)?
37
Suppose 0*s - 233 = s. Let k = s + 327. List the prime factors of k.
2, 47
Let r = -2 - -2. Suppose -s + 10 = -3*h, -5*h = -4*s + s + 38. Suppose 13*t - s*t + 36 = r. List the prime factors of t.
2, 3
List the prime factors of (-5)/10*(15 - 4421).
2203
Let h be (-5)/(-3) - 2/(-6). Suppose 5 = 3*y - 2*y - 5*r, -4*y + 3*r = -20. Suppose y*b - 66 = h*b. List the prime factors of b.
2, 11
Let h(r) = -r - 1. Let v be h(-4). Suppose -4*l - 4 = -3*a - v*l, -l - 8 = -5*a. Let m = 11 + a. What are the prime factors of m?
13
Let z be -2 - (3 - 267 - 2). Suppose i + 3*i - 532 = 2*u, z = 2*i - 2*u. List the prime factors of i.
2, 67
Let s = 2 - 0. Let u(p) = 222*p**3 - 3*p + 3. Let h be u(1). Suppose -h = -s*i - 4*i. List the prime factors of i.
37
Let n(o) = 514*o - 27. List the prime factors of n(5).
2543
Let o(s) = -s**3 - 8*s**2 - 11*s - 2. Let m be o(-6). Let d(j) = 2*j**2 - 1. List the prime factors of d(m).
127
Let y(u) = -u**3 + 9*u**2 + 8*u + 22. Let v be y(10). Suppose -5*d - v*j - 255 = 0, -d - j + 164 = -4*d. Let n = d + 77. List the prime factors of n.
2, 3
Let c(m) = 33*m - 3. Let t(w) = 99*w - 9. Let v(a) = -11*c(a) + 4*t(a). What are the prime factors of v(1)?
2, 3, 5
Suppose 0 - 2 = -z. Suppose z*k - 2 = -44. List the prime factors of (14/(-21))/(1/k).
2, 7
Let b(w) = -2*w + 6. Let y be b(8). Let m be -10*(-1 + (-2)/y). Suppose 3*s + 5*x = m, 5*x = -s + 9 - 23. List the prime factors of s.
11
Let b = -442 - -1062. List the prime factors of b.
2, 5, 31
Let u = 7 - 10. Let m be (5/u)/(12/468). Let i = 120 + m. What are the prime factors of i?
5, 11
Suppose 3*g - 9 = 3. Suppose 0 = j + 5*i - 3, -66 = j - 4*j + g*i. Suppose 5*w + 38 = -d + 3*d, -3*w - j = -d. List the prime factors of d.
2, 3
Suppose -3*k - 5*b + 1329 = 0, 2*k + 4*b - 881 = -b. What are the prime factors of k?
2, 7
Let o(c) = -c**3 + 4*c**2 - 4*c + 3. Let u be o(2). Let x = u - 6. What are the prime factors of 2 + x - (-25 - 1)?
5
Let b = 33 - 38. What are the prime factors of ((-39)/b*2)/((-1)/(-5))?
2, 3, 13
Let k = -19 + 23. Suppose -k*u - 15 = -35. Suppose 5*f = -5*d + 135, 4*d + u*f - 114 = 4*f. List the prime factors of d.
29
List the prime factors of (40*2)/(3 - (-92)/(-32)).
2, 5
Let m(y) = y. Let l be m(1). Suppose 0 = -3*w + 14 + l. Suppose 68 = w*o - 22. List the prime factors of o.
2, 3
Let p be 6/9*(-582)/4*-2. Suppose 2*l = p + 22. What are the prime factors of l?
2, 3
Suppose -3*p - 4*v = -690, 35*p + v = 31*p + 920. List the prime factors of p.
2, 5, 23
Suppose 5*m - 9 = 2*m. Suppose 9 = -2*v + 3*x, -m*v + 3 + 3 = 2*x. Suppose 0 = 3*i - v*h + 3*h - 42, 5*i - 78 = -3*h. What are the prime factors of i?
2, 3
Suppose k - 3 = -2*n, 3*n + 3*k - 1 - 5 = 0. Suppose 4*g - 9 = -n. Suppose -132 = -5*s + g*s. What are the prime factors of s?
2, 11
Let d(t) = -28*t + 1. What are the prime factors of d(-6)?
13
Let o(l) = 2*l - 16. Let z be o(9). Suppose z*i - 595 = -5*i. Let s = i - 38. List the prime factors of s.
47
Suppose -m = j - 12, -4*m + 31 = -4*j - 33. Suppose -3*g + m = p, -3*g = -2*g - 3. List the prime factors of p/(-10)*(-3 + -5).
2
Let p be 1/(-2) - 28/8. Let r = 6 + p. Suppose r*s - 54 = -4*k, s + 2*k = -3*s + 120. What are the prime factors of s?
31
Let z(b) = -b**3 + 4*b**2 + 4*b - 5. Let q = -43 + 41. What are the prime factors of z(q)?
11
Suppos